{"version":"1.0","provider_name":"The Greek Film Festival in Berlin","provider_url":"https:\/\/thegreekfilmfestivalinberlin.com\/de\/","author_name":"peppermint","author_url":"https:\/\/thegreekfilmfestivalinberlin.com\/de\/author\/admin\/","title":"Obscuro Barroco \u2013 von Evangelia Kranioti, Samstag 19.01.2019, 22:00, Saal 2 &#8211; The Greek Film Festival in Berlin","type":"rich","width":600,"height":338,"html":"<blockquote class=\"wp-embedded-content\" data-secret=\"7kDT93gVbh\"><a href=\"https:\/\/thegreekfilmfestivalinberlin.com\/de\/portfolio-item\/obscuro-barroco\/\">Obscuro Barroco \u2013 von Evangelia Kranioti, Samstag 19.01.2019, 22:00, Saal 2<\/a><\/blockquote><iframe sandbox=\"allow-scripts\" security=\"restricted\" src=\"https:\/\/thegreekfilmfestivalinberlin.com\/de\/portfolio-item\/obscuro-barroco\/embed\/#?secret=7kDT93gVbh\" width=\"600\" height=\"338\" title=\"&#8222;Obscuro Barroco \u2013 von Evangelia Kranioti, Samstag 19.01.2019, 22:00, Saal 2&#8220; &#8211; The Greek Film Festival in Berlin\" data-secret=\"7kDT93gVbh\" frameborder=\"0\" marginwidth=\"0\" marginheight=\"0\" scrolling=\"no\" class=\"wp-embedded-content\"><\/iframe><script type=\"text\/javascript\">\n\/* <![CDATA[ *\/\n\/*! This file is auto-generated *\/\n!function(d,l){\"use strict\";l.querySelector&&d.addEventListener&&\"undefined\"!=typeof URL&&(d.wp=d.wp||{},d.wp.receiveEmbedMessage||(d.wp.receiveEmbedMessage=function(e){var t=e.data;if((t||t.secret||t.message||t.value)&&!\/[^a-zA-Z0-9]\/.test(t.secret)){for(var s,r,n,a=l.querySelectorAll('iframe[data-secret=\"'+t.secret+'\"]'),o=l.querySelectorAll('blockquote[data-secret=\"'+t.secret+'\"]'),c=new RegExp(\"^https?:$\",\"i\"),i=0;i<o.length;i++)o[i].style.display=\"none\";for(i=0;i<a.length;i++)s=a[i],e.source===s.contentWindow&&(s.removeAttribute(\"style\"),\"height\"===t.message?(1e3<(r=parseInt(t.value,10))?r=1e3:~~r<200&&(r=200),s.height=r):\"link\"===t.message&&(r=new URL(s.getAttribute(\"src\")),n=new URL(t.value),c.test(n.protocol))&&n.host===r.host&&l.activeElement===s&&(d.top.location.href=t.value))}},d.addEventListener(\"message\",d.wp.receiveEmbedMessage,!1),l.addEventListener(\"DOMContentLoaded\",function(){for(var e,t,s=l.querySelectorAll(\"iframe.wp-embedded-content\"),r=0;r<s.length;r++)(t=(e=s[r]).getAttribute(\"data-secret\"))||(t=Math.random().toString(36).substring(2,12),e.src+=\"#?secret=\"+t,e.setAttribute(\"data-secret\",t)),e.contentWindow.postMessage({message:\"ready\",secret:t},\"*\")},!1)))}(window,document);\n\/\/# sourceURL=https:\/\/thegreekfilmfestivalinberlin.com\/wp-includes\/js\/wp-embed.min.js\n\/* ]]> *\/\n<\/script>\n","thumbnail_url":"https:\/\/thegreekfilmfestivalinberlin.com\/wp-content\/uploads\/2018\/10\/\u00a9EKRANIOTI_09_web.jpg","thumbnail_width":3034,"thumbnail_height":2126,"description":"Langsam und elegisch gleitet die Kamera erst \u00fcber einen in dichten Nebel geh\u00fcllten Wald, dann \u00fcber das Panorama von Rio de Janeiro. Rio sei eine Fabrik der Tr\u00e4ume und Alptr\u00e4ume, sagt eine Stimme aus dem Off, eine Stadt der Transformationen. [&hellip;]"}

Langsam und elegisch gleitet die Kamera erst über einen in dichten Nebel gehüllten Wald, dann über das Panorama von Rio de Janeiro. Rio sei eine Fabrik der Träume und Alpträume, sagt eine Stimme aus dem Off, eine Stadt der Transformationen. [&hellip;]
