{"version":"1.0","provider_name":"The Greek Film Festival in Berlin","provider_url":"https:\/\/thegreekfilmfestivalinberlin.com\/de\/","author_name":"peppermint","author_url":"https:\/\/thegreekfilmfestivalinberlin.com\/de\/author\/admin\/","title":"K\u00fcsse f\u00fcr die Kinder \u2013 von Vassilis Loules; Sonntag, 24.01., 17:45 (Saal 2) &#8211; The Greek Film Festival in Berlin","type":"rich","width":600,"height":338,"html":"<blockquote class=\"wp-embedded-content\" data-secret=\"zRU557hO9J\"><a href=\"https:\/\/thegreekfilmfestivalinberlin.com\/de\/portfolio-item\/kisses-to-the-children\/\">K\u00fcsse f\u00fcr die Kinder \u2013 von Vassilis Loules; Sonntag, 24.01., 17:45 (Saal 2)<\/a><\/blockquote><iframe sandbox=\"allow-scripts\" security=\"restricted\" src=\"https:\/\/thegreekfilmfestivalinberlin.com\/de\/portfolio-item\/kisses-to-the-children\/embed\/#?secret=zRU557hO9J\" width=\"600\" height=\"338\" title=\"&#8222;K\u00fcsse f\u00fcr die Kinder \u2013 von Vassilis Loules; Sonntag, 24.01., 17:45 (Saal 2)&#8220; &#8211; The Greek Film Festival in Berlin\" data-secret=\"zRU557hO9J\" frameborder=\"0\" marginwidth=\"0\" marginheight=\"0\" scrolling=\"no\" class=\"wp-embedded-content\"><\/iframe><script type=\"text\/javascript\">\n\/* <![CDATA[ *\/\n\/*! This file is auto-generated *\/\n!function(d,l){\"use strict\";l.querySelector&&d.addEventListener&&\"undefined\"!=typeof URL&&(d.wp=d.wp||{},d.wp.receiveEmbedMessage||(d.wp.receiveEmbedMessage=function(e){var t=e.data;if((t||t.secret||t.message||t.value)&&!\/[^a-zA-Z0-9]\/.test(t.secret)){for(var s,r,n,a=l.querySelectorAll('iframe[data-secret=\"'+t.secret+'\"]'),o=l.querySelectorAll('blockquote[data-secret=\"'+t.secret+'\"]'),c=new RegExp(\"^https?:$\",\"i\"),i=0;i<o.length;i++)o[i].style.display=\"none\";for(i=0;i<a.length;i++)s=a[i],e.source===s.contentWindow&&(s.removeAttribute(\"style\"),\"height\"===t.message?(1e3<(r=parseInt(t.value,10))?r=1e3:~~r<200&&(r=200),s.height=r):\"link\"===t.message&&(r=new URL(s.getAttribute(\"src\")),n=new URL(t.value),c.test(n.protocol))&&n.host===r.host&&l.activeElement===s&&(d.top.location.href=t.value))}},d.addEventListener(\"message\",d.wp.receiveEmbedMessage,!1),l.addEventListener(\"DOMContentLoaded\",function(){for(var e,t,s=l.querySelectorAll(\"iframe.wp-embedded-content\"),r=0;r<s.length;r++)(t=(e=s[r]).getAttribute(\"data-secret\"))||(t=Math.random().toString(36).substring(2,12),e.src+=\"#?secret=\"+t,e.setAttribute(\"data-secret\",t)),e.contentWindow.postMessage({message:\"ready\",secret:t},\"*\")},!1)))}(window,document);\n\/\/# sourceURL=https:\/\/thegreekfilmfestivalinberlin.com\/wp-includes\/js\/wp-embed.min.js\n\/* ]]> *\/\n<\/script>\n","thumbnail_url":"https:\/\/thegreekfilmfestivalinberlin.com\/wp-content\/uploads\/2015\/12\/KISSES-TO-THE-CHILDREN__PHOTO_1.jpg","thumbnail_width":1200,"thumbnail_height":848,"description":"Versteckt hinter einer Fensterscheibe musste die damals 10-j\u00e4hrige Rosina Asser-Pardo den Deportationszug der j\u00fcdischen Bev\u00f6lkerung von Thessaloniki mit ansehen. Unter den Menschen auf der Stra\u00dfe war auch ihre Gro\u00dfmutter zu erkennen. So wie Rosina waren auch Iossif, Eftyhia, Shelly und [&hellip;]"}

Küsse für die Kinder – von Vassilis Loules; Sonntag, 24.01., 17:45 (Saal 2) &#8211; The Greek Film Festival in Berlin

<blockquote class="wp-embedded-content" data-secret="zRU557hO9J"><a href="https://thegreekfilmfestivalinberlin.com/de/portfolio-item/kisses-to-the-children/">Küsse für die Kinder – von Vassilis Loules; Sonntag, 24.01., 17:45 (Saal 2)</a></blockquote><iframe sandbox="allow-scripts" security="restricted" src="https://thegreekfilmfestivalinberlin.com/de/portfolio-item/kisses-to-the-children/embed/#?secret=zRU557hO9J" width="600" height="338" title="&#8222;Küsse für die Kinder – von Vassilis Loules; Sonntag, 24.01., 17:45 (Saal 2)&#8220; &#8211; The Greek Film Festival in Berlin" data-secret="zRU557hO9J" frameborder="0" marginwidth="0" marginheight="0" scrolling="no" class="wp-embedded-content"></iframe><script type="text/javascript">
/* <![CDATA[ */
/*! This file is auto-generated */
!function(d,l){"use strict";l.querySelector&&d.addEventListener&&"undefined"!=typeof URL&&(d.wp=d.wp||{},d.wp.receiveEmbedMessage||(d.wp.receiveEmbedMessage=function(e){var t=e.data;if((t||t.secret||t.message||t.value)&&!/[^a-zA-Z0-9]/.test(t.secret)){for(var s,r,n,a=l.querySelectorAll('iframe[data-secret="'+t.secret+'"]'),o=l.querySelectorAll('blockquote[data-secret="'+t.secret+'"]'),c=new RegExp("^https?:$","i"),i=0;i<o.length;i++)o[i].style.display="none";for(i=0;i<a.length;i++)s=a[i],e.source===s.contentWindow&&(s.removeAttribute("style"),"height"===t.message?(1e3<(r=parseInt(t.value,10))?r=1e3:~~r<200&&(r=200),s.height=r):"link"===t.message&&(r=new URL(s.getAttribute("src")),n=new URL(t.value),c.test(n.protocol))&&n.host===r.host&&l.activeElement===s&&(d.top.location.href=t.value))}},d.addEventListener("message",d.wp.receiveEmbedMessage,!1),l.addEventListener("DOMContentLoaded",function(){for(var e,t,s=l.querySelectorAll("iframe.wp-embedded-content"),r=0;r<s.length;r++)(t=(e=s[r]).getAttribute("data-secret"))||(t=Math.random().toString(36).substring(2,12),e.src+="#?secret="+t,e.setAttribute("data-secret",t)),e.contentWindow.postMessage({message:"ready",secret:t},"*")},!1)))}(window,document);
//# sourceURL=https://thegreekfilmfestivalinberlin.com/wp-includes/js/wp-embed.min.js
/* ]]> */
</script>

Versteckt hinter einer Fensterscheibe musste die damals 10-jährige Rosina Asser-Pardo den Deportationszug der jüdischen Bevölkerung von Thessaloniki mit ansehen. Unter den Menschen auf der Straße war auch ihre Großmutter zu erkennen. So wie Rosina waren auch Iossif, Eftyhia, Shelly und [&hellip;]
